(base 7) in base 10?
-108441
What is 12121001220001 (base 3) in base 8?
13257507
-13154332 (base 6) to base 8
-1521720
What is -130013012 (base 4) in base 16?
-1c1c6
Convert -1010011111100001011 (base 2) to base 6.
-11211431
Convert 331322302222 (base 4) to base 14.
2227438
100111000001011 (base 2) to base 11
14013
What is 22962 (base 16) in base 11?
97488
Convert -794064 (base 10) to base 5.
-200402224
Convert -952839 (base 10) to base 13.
-274914
Convert 2210022012122 (base 3) to base 10.
1482209
-122203221 (base 4) to base 12
-52b49
What is 3a7a40b (base 12) in base 13?
2536205
What is 102201 (base 6) in base 2?
10000001011001
Convert 32003030023 (base 4) to base 11.
2096178
Convert -e35fd (base 16) to base 9.
-1668475
2434304241 (base 5) to base 9
11772531
What is 6477 (base 11) in base 8?
20552
What is 30511a (base 13) in base 5?
242000211
What is -3220330210 (base 5) in base 7?
-111603631
What is -1011011100011010000 (base 2) in base 10?
-374992
What is -6ca313 (base 13) in base 14?
-4b6d71
Convert -10122210122 (base 3) to base 14.
-1c36a
-2323023100 (base 4) to base 13
-20ac6a
What is 1704146 (base 9) in base 4?
3213121233
Convert b55d (base 15) to base 5.
2211323
What is 192956 (base 11) in base 10?
296632
-43230013 (base 5) to base 3
-200200010102
What is -22222112221 (base 3) in base 9?
-288487
Convert -22332442 (base 6) to base 13.
-1aac7a
2202055 (base 8) to base 9
1100487
What is 2742697 (base 10) in base 8?
12354651
Convert 22101030202 (base 4) to base 8.
12211442
Convert -1e798 (base 15) to base 16.
-18509
10388 (base 12) to base 11
14a89
Convert -930876 (base 12) to base 15.
-307543
What is 13324122 (base 5) in base 16?
213e2
-6397705 (base 10) to base 5
-3114211310
What is -1125424 (base 6) in base 14?
-1733a
What is -2715474 (base 11) in base 12?
-16a3584
101111010100100 (base 2) to base 8
57244
-1b5de (base 15) to base 10
-89084
Convert 13013 (base 13) to base 7.
204350
Convert 3414141 (base 7) to base 6.
13031030
117132 (base 12) to base 15
5879b
What is -110001100100 (base 3) in base 4?
-321321321
What is -3738848 (base 10) in base 11?
-2124063
-5724241 (base 10) to base 6
-322405041
-7c4ec (base 15) to base 9
-663176
-2011200110 (base 3) to base 12
-20910
What is 52467b7 (base 12) in base 16?
ecd8fb
What is -1111010100011000001101 (base 2) in base 9?
-7500360
Convert 1d5561 (base 15) to base 6.
50434131
-415156 (base 8) to base 9
-230063
What is -1b497 (base 12) in base 16?
-9df3
What is 7582626 (base 9) in base 6?
223121340
What is 5b6129 (base 13) in base 4?
20111031112
What is 14866a (base 14) in base 16?
ae7d6
c126 (base 14) to base 16
8186
Convert -876abb (base 12) to base 14.
-3dc9d5
Convert 100655 (base 10) to base 16.
1892f
What is -1588558 (base 9) in base 16?
-d82d8
Convert 10455a (base 11) to base 5.
20321140
Convert -95c44 (base 16) to base 5.
-124112234
What is 1565506 (base 9) in base 2?
11010100011011011100
What is 10111112121200 (base 3) in base 2?
111000110010011111010
Convert 1662460 (base 9) to base 13.
265bab
-1bbec (base 16) to base 13
-3c95b
Convert 137537 (base 8) to base 13.
193b7
What is 1003313103 (base 6) in base 3?
201021101201110
Convert 391787 (base 10) to base 4.
1133221223
What is 100102222211202 (base 3) in base 6?
255324202
31997 (base 10) to base 4
13303331
40611052 (base 8) to base 4
200301020222
230414 (base 7) to base 15
c24e
-35503424 (base 8) to base 9
-15548410
-10022203033 (base 4) to base 2
-100001010100011001111
Convert -1011010010001010 (base 2) to base 15.
-da63
Convert -b38e (base 15) to base 13.
-14360
Convert -10010001000000110011 (base 2) to base 11.
-376294
What is -11205255 (base 8) in base 3?
-11120022222211
-21e73 (base 16) to base 7
-1115601
What is 1a6a863 (base 13) in base 8?
41243454
Convert -164f9 (base 16) to base 11.
-62728
Convert 157014 (base 11) to base 14.
64ab2
Convert -14432035 (base 6) to base 12.
-20261b
Convert 2356420 (base 9) to base 13.
359661
1122022021 (base 3) to base 14
bab1
What is 1243404 (base 5) in base 7?
132314
2cc8d8 (base 16) to base 12
b965b4
Convert b2a468 (base 15) to base 5.
4133122443
Convert -34883 (base 9) to base 15.
-6d9c
1001321213 (base 4) to base 3
111201021022
What is 15606313 (base 8) in base 7?
42444144
25270415 (base 8) to base 5
2413141001
What is 382190 (base 11) in base 13?
181702
What is -1e30e (base 16) in base 12?
-5b692
What is 100211132 (base 4) in base 16?
1095e
51522 (base 11) to base 3
10211002220
What is -1534106 (base 8) in base 13?
-1255b2
Convert -22400131 (base 5) to base 2.
-110000110101101001
-583531 (base 9) to base 3
-122210121001
111101001001001011 (base 2) to base 9
421480
ab9373 (base 15) to base 12
28a69b3
Convert -142828 (base 13) to base 7.
-4114261
117538 (base 11) to base 8
552467
Convert 683511 (base 9) to base 13.
114451
What is 60994 (base 10) in base 14?
1832a
-80297 (base 10) to base 5
-10032142
Convert 4c6b2 (base 13) to base 4.
202213013
What is -47130 (base 12) in base 16?
-173f4
-24b310 (base 13) to base 15
-1262cc
Convert -229ed2 (base 15) to base 13.
-45b945
What is 21111221001 (base 3) in base 8?
440736
What is -1076793 (base 11) in base 7?
-22001514
-34847 (base 11) to base 6
-1024414
What is -10531015 (base 6) in base 10?
-322931
Convert -124237 (base 8) to base 11.
-2a483
1889990 (base 10) to base 9
3500518
What is 62f03 (base 16) in base 12?
17662b
Convert -48a966 (base 12) to base 11.
-7364aa
What is -21 (base 11) in base 15?
-18
What is -10011011000001011111011 (base 2) in base 3?
-100120002011212
Convert -14061334 (base 8) to base 15.
-429876
Convert 3330300321 (base 4) to base 9.
1847166
-22200201122 (base 3) to base 13
-5cb6a
Convert -c7ccb6 (base 13) to base 7.
-54545634
What is -10111010000100011010100 (base 2) in base 12?
-2060504
4aa061 (base 11) to base 16
c4497
What is -866621 (base 13) in base 12?
-1082425
10010100001101110011011 (base 2) to base 4
102201232123
What is 4246321 (base 7) in base 8?
1757702
Convert -83438 (base 9) to base 8.
-153372
-6900743 (base 10) to base 9
-13877032
What is 21bc4 (base 13) in base 9?
103123
Convert 3413142332 (base 5) to base 6.
425514510
Convert -6ef63 (base 16) to base 6.
-13424055
What is 1001110000011110110011 (base 2) in base 9?
4727663
What is -4509939 (base 10) in base 7?
-53222340
Convert -2286602 (base 9) to base 10.
-1238330
What is 11000111102 (base 3) in base 10?
79094
Convert 111423143 (base 6) to base 5.
1010244430
Convert 1011101111111010 (base 2) to base 15.
e3d2
Convert a1770 (base 13) to base 3.
112200112201
-5948e0 (base 15) to base 10
-4268010
3461810 (base 9) to base 11
1068a06
Convert -31e857 (base 16) to base 5.
-1314130433
What is -231077 (base 10) in base 14?
-602d7
Convert 5531312 (base 6) to base 8.
1033634
Convert -1214253 (base 6) to base 14.
-196d3
What is -2533125 (base 6) in base 8?
-413115
What is 1592740 (base 13) in base 12?
23ab794
18175 (base 10) to base 16
46ff
What is 10000111110101011 (base 2) in base 8?
207653
What is -dd761 (base 15) in base 13?
-1b8392
What is 303321122 (base 4) in base 16?
33e5a
-2173371 (base 10) to base 11
-1254982
Convert 793b5 (base 14) to base 15.
5c33a
Convert 2169c4 (base 14) to base 10.
1132464
Convert 27438 (base 16) to base 14.
42876
What is 10003123012 (base 4) in base 16?
1036c6
What is 11100001100100000011 (base 2) in base 7?
10565415
What is 23235421 (base 6) in base 11?
452376
376017 (base 8) to base 15
2880d
Convert -1c508 (base 14) to base 3.
-10200012222
-10ab7c (base 13) to base 3
-202002010222
What is 770171 (base 9) in base 10?
459415
Convert -1585080 (base 12) to base 7.
-52303614
29715 (base 11) to base 7
233545
Convert -2211122202222 (base 3) to base 8.
-5603003
Convert 14341333 (base 5) to base 11.
a4815
Convert -20001210 (base 4) to base 11.
-22770
What is 5321525 (base 6) in base 15?
51dc8
What is -1100011010011011001 (base 2) in base 14?
-a8333
What is -6158 (base 11) in base 6?
-101454
What is -41b22 (base 12) in base 14?
-23630
424115 (base 7) to base 13
27590
221535046 (base 7) to base 6
1154534204
Convert 5338c5 (base 16) to base 3.
101021002111210
What is 11010000001000011110 (base 2) in base 13?
23b059
What is -a820d (base 14) in base 10?
-406517
Convert -142043222 (base 5) to base 14.
-1529b2
11931c8 (base 13) to base 5
2344241300
Co